 u(d).
-6
Let h(y) = 4*y - 1. Let w(i) = 4*i - 1. Suppose 3*b - 4 = 11. Let p(a) = b*h(a) - 6*w(a). What is p(-2)?
9
Let v(g) be the second derivative of g**3/6 - 3*g**2 + 3*g. Determine v(5).
-1
Suppose -4*v + 3*v = -2. Let c(y) = -y**3 - y. Determine c(v).
-10
Let r(q) be the third derivative of q**8/6720 + q**7/420 + q**6/144 - q**5/20 + q**4/24 - 4*q**2. Let v(c) be the second derivative of r(c). Calculate v(-5).
-6
Suppose 3 = 4*i + 2*x - 3, 10 = 4*i - 2*x. Let k be -2 - (i - 2) - -6. Let m(f) = -k - 2*f + 5*f - 2*f. What is m(5)?
1
Let k(r) be the second derivative of -r**5/120 + r**4/6 - 4*r**3/3 - r. Let q(c) be the second derivative of k(c). Give q(5).
-1
Let p be (12/10)/((-12)/(-40)). Let k(r) = -p + 2*r**2 - 2*r - r + 5. Give k(2).
3
Suppose -2*o + 10 = -14. Suppose 0*d + 3*d = -o. Let g = -2 - d. Let y(a) = -a**2 - a + 1. Calculate y(g).
-5
Let h(j) be the first derivative of -j**4/4 - j**2/2 + 2*j - 25. What is h(0)?
2
Suppose 0 = -v - 0 - 5. Let t = v - -10. Suppose -t*r = -3*j - 3 - 3, -5*j = -5*r + 10. Let n(q) = -q**3 - q**2 - q - 3. Calculate n(r).
-3
Let l(c) = -c - 13. Let b(m) be the second derivative of -m**3/6 + m**2/2 + m. Let j be b(2). Let w be (j - -3)/((-8)/28). What is l(w)?
-6
Suppose 38 = -4*m - 3*w + 11, 7 = -4*m + w. Let u(g) be the second derivative of -g**4/6 - g**3/3 + 2*g**2 + 8*g. Determine u(m).
-8
Let c(h) be the first derivative of h**2 + 4*h + 13. Calculate c(-5).
-6
Let s = -101 - -94. Let n(f) = 3*f**2 - 5 - 7*f - 3*f**2 - f**2. Give n(s).
-5
Let n(d) = -4*d + 5*d**2 + 10*d - 4*d**2. Determine n(-7).
7
Let f(a) = -5*a - 1. Let g be f(-4). Suppose g + 1 = 2*i. Let k = 14 - i. Let s(j) = j**2 - 2*j - 2. Give s(k).
6
Let a(r) = -r + 1. Let f(s) = 4*s. Let g be f(4). Suppose -5*p - 4 - g = 0. Let b = p - -7. Determine a(b).
-2
Suppose -9 = f + 3*j, 0 = -3*f + 4*j + 31 - 6. Let q(a) be the second derivative of -1/6*a**f + 0 + 2*a + 0*a**2. Give q(0).
0
Suppose 3*w = 4*l + w + 10, -4*l - 19 = w. Let m(c) = -c**3 - 6*c**2 - 5*c. Determine m(l).
-12
Let u(f) = -f**3 + f**2 + f - 11. Suppose 12 = -4*l - p + 5*p, -12 = 2*l - 4*p. What is u(l)?
-11
Let s(j) = 14*j - 10. Let n(a) = -a + 1. Let v(d) = 10*n(d) + s(d). Determine v(-3).
-12
Let d(r) be the first derivative of r**2/2 - 3*r + 2. Suppose 4*s - 3 = 9. Suppose -7*m = -3*m - s*k - 6, 0 = m + 5*k - 13. What is d(m)?
0
Let m(d) = -20*d - 16*d + 7 + 32*d - d**2. Give m(-5).
2
Let k = -1 - -3. Let j = 0 + k. Let c(v) = -4 + j + 4 - 7 - v. Determine c(-6).
1
Let y(a) be the first derivative of -2*a**3/3 + 2*a**2 - 3*a - 2. Let c(l) = 3*l - 2*l + 6 - 2*l + 2. Let h be c(6). Give y(h).
-3
Let q = 2 - 0. Let r = q + 0. Let g be 7 - (-2)/r*-2. Let w(n) = -n + 9. Determine w(g).
4
Let l be 0*(3 + (2 - 4)). Let o = 1 + l. Let n(j) be the third derivative of j**5/60 - j**3/6 + 3*j**2. Give n(o).
0
Let v = 12 - 13. Let n(p) = 6*p**3 + p. Give n(v).
-7
Let q(u) be the first derivative of u**4/4 + 5*u**3/3 + 3*u**2/2 + u + 1. Let f be ((-4)/(-10))/((-2)/20). Determine q(f).
5
Let s(l) = 2*l**2 + 3*l + 1. Let d(x) be the third derivative of 0*x - 1/60*x**5 - 5/12*x**4 - 3*x**2 + 4/3*x**3 + 0. Let y be d(-11). Give s(y).
10
Suppose g - 5*g + 12 = 0. Let f(m) = 7*m - 4*m**2 + 5 - 3*m + g*m**2. Let p be (-4)/3*(-9)/3. Determine f(p).
5
Let p(r) = -4*r + 5. Let n(h) = 5*h - 6. Let g(i) = 5*n(i) + 6*p(i). Let x be g(5). Suppose x*a - 2 = 5*t - 12, 8 = 4*t + 4*a. Let d(c) = 2*c + 1. What is d(t)?
5
Let a = 5 + -1. Suppose -21*p - a = -20*p. Let s(m) = 2*m + 3. Give s(p).
-5
Let t be 4 + (3 - 2)*-1. Suppose 0 = g + u, 0 = 5*g + 3*u + 1 - 7. Let s(l) = -5*l - 1 + g*l - t*l. What is s(-1)?
4
Let u(o) = o**3 + 7*o**2 - 3. Let p be u(-7). Let c(g) = 3*g**2 + 4*g + 2. What is c(p)?
17
Let h(n) = -n**2 - 5*n. Let u be (-2)/(-11) - 60/(-33). Let c(m) = 4*m**2 + 21*m. Let y(j) = u*c(j) + 9*h(j). Determine y(-2).
2
Let c be ((-9)/(-12))/((-12)/(-32)). Let v(f) be the first derivative of -c*f**2 + 4/3*f**3 + 1 + 1/4*f**4 + 4*f. Calculate v(-5).
-1
Let q = -14 + 16. Let x(l) = 2*l**2 - 2*l - 1. Determine x(q).
3
Let g = 3 - 8. Let l(x) = -3*x + 2. Let i(t) = -1. Let n(d) = -7*d. Let b(m) = 5*i(m) - n(m). Let k(s) = -2*b(s) - 5*l(s). Calculate k(g).
-5
Suppose -5*c + 3*y = 0, -2*c + 4*c = -y. Let h(a) = a - 7. What is h(c)?
-7
Let i(g) be the first derivative of g**4/4 + g**3 + g**2 + 3*g - 9. What is i(-2)?
3
Let j be (-1 - 26/4)*(-40)/(-50). Let m(b) = -b**2 - 4*b - 5. Give m(j).
-17
Let k(b) be the third derivative of b**6/60 + b**5/30 + b**4/12 + b**3/6 - 4*b**2. What is k(-1)?
-1
Let x(c) = 15*c**2 - 14*c**2 + 130*c - 1 - 129*c. Give x(1).
1
Let d(s) = 2*s**3 - s. Let w(r) = r**2 - 18*r + 2. Let f be w(18). What is d(f)?
14
Let o(u) = -9*u + 7 - 69*u**2 + 143*u**2 - 73*u**2. Determine o(6).
-11
Let u(z) be the second derivative of -z**6/720 + z**5/60 - z**4/4 - 2*z. Let i(c) be the third derivative of u(c). Calculate i(-3).
5
Let l(t) = -t + 1. Suppose 4*y - 2 - 18 = 0. What is l(y)?
-4
Let f be (-3 - (0 - 2))*-3. Let p(d) = 4*d**3 - 5*d - f*d**3 + 3*d - 3*d**2. Suppose -3*n = 3*u - u - 9, 3*u - 12 = -3*n. Calculate p(u).
-6
Let c(r) = r**2 - 4*r - 3. Let w be c(5). Let p(u) = 6*u. What is p(w)?
12
Let x(w) = -w**2 + 6*w + 2. Let r be (-3)/((-3)/12*2). Let p be x(r). Let v be p*-1 - (-1 + 2). Let s(c) = -c**3 - 2*c**2 + c - 4. Determine s(v).
2
Let g(f) = -6*f + 1. Let v = 40 + -41. Determine g(v).
7
Let z(q) = -q**3 + 5*q**2 - 4*q - 2. Let k = -11 - -15. Calculate z(k).
-2
Let n(j) = -5*j**3 - 4*j**2 + 9*j + 2. Let d(q) = 113*q**3 + 2 - q - 2 - 112*q**3. Let p(z) = 4*d(z) + n(z). Suppose -r + 4*r = -15. Determine p(r).
2
Let j(t) be the first derivative of 13*t**3/3 + t**2/2 + 3. Give j(1).
14
Let q(p) be the second derivative of p**4/12 + p**3/3 + p**2/2 + p. Let b be -5 + -2*(3 - 4). Calculate q(b).
4
Let i(v) = -v**2 - v + 7. Let f be i(-3). Let p(y) = 10*y. Give p(f).
10
Let l(h) = -3*h - 1 + 5 - 2. Let w(p) = -p**3 + 3*p**2 + 9*p + 3. Let n be w(5). Calculate l(n).
8
Let j(q) be the third derivative of -3*q**2 - 1/6*q**3 - 1/60*q**5 + 7/120*q**6 + 0 + 0*q + 1/24*q**4. Calculate j(1).
6
Let f(p) = -p**3 + 4*p**2 + 6*p + 1. Let a(j) = -j**2 - 5*j - 7 + 6*j + 7*j. Let w be a(6). Suppose 2*b = -3*v - 5, w*v = -3*b + 2*v. Determine f(b).
6
Let f(p) = 4*p - 8. Let w(r) = 7*r - 15. Let a(u) = 5*f(u) - 3*w(u). Suppose 0 = 4*s + 4 + 8. Let v be (-1 - 0)*(s + -2). What is a(v)?
0
Let c = -74 - -76. Let y(q) be the first derivative of q + 1/2*q**c - 1. What is y(-2)?
-1
Let u = 14 - 17. Let d(s) = -s**3. Let r(z) = 3*z**3 - 4*z**2 - 3*z + 3. Let i(y) = -4*d(y) - r(y). Calculate i(u).
-3
Let c(f) be the first derivative of f**4/4 - f**3/3 - f - 2. Let y(v) = -2*v**3 + 3*v**2 + 4*v + 2. Let g = -39 - -38. Let p(x) = g*c(x) - y(x). Determine p(3).
-4
Let a(w) = -5*w - 1. Let f be 3 - 6/(-9)*-3. Suppose 0 = s + 2, 4*s + 0 + 8 = 5*m. Let i = m + f. Give a(i).
-6
Let j(q) = 2*q - 8. Let m be (-21)/(-2)*(10/15 + 0). What is j(m)?
6
Let x be (2/14)/(12/84). Let p(a) be the third derivative of 3*a**4/8 + a**3/6 - a**2. Give p(x).
10
Let y(k) be the third derivative of -k**4/24 + k**3/2 + 25*k**2. Suppose 0 = -4*v + 2*d - 24, -v - 3*d - 2 = -3. Determine y(v).
8
Let d(v) be the second derivative of v**7/2520 - v**6/144 + v**5/40 - v**4/6 + 2*v. Let t(i) be the third derivative of d(i). Calculate t(2).
-3
Let k(p) = p**3 + 9*p**2 - 4*p**2 - 4*p**3 - 8 - 4*p**3 - 10*p. Let n(y) = -10*y**3 + 8*y**2 - 15*y - 12. Let z(r) = -7*k(r) + 5*n(r). Determine z(4).
-8
Let c(z) = z**2 - 6*z + 1. Let w be (10 - 0)/(12/6). Calculate c(w).
-4
Let j(t) = -18*t**3 - t**2 - 2*t - 1. Suppose -2*g + 3*w - 8 = 0, 0 = -g + 3*w - 7. Calculate j(g).
18
Suppose t = 4*o - 16, 3*t = 2*t - o + 9. Suppose -4*g = -2*i - 3*g + 12, g + 24 = 5*i. Let w(m) = -m + i*m - t*m. Calculate w(5).
-5
Suppose 3*m = -2*m - 120. Let k be 460/(-8)*m/10. Let s be k/(-42) - (-4)/14. Let t(w) = -w. Calculate t(s).
3
Let m(x) = 2 - 5 + x + 1. Give m(-3).
-5
Suppose 0 = 3*z + 2*w + 2 + 7, z - 3*w = 8. Let q(p) = -3*p + 1. Let o(n) = -2*n + 1. Let j(b) = 3*o(b) - 4*q(b). Give j(z).
-7
Let i(z) = -7*z**2 + 1. Let m(n) be the third derivative of n**4/12 - 7*n**3/6 - 4*n**2. Let r be m(3). Determine i(r).
-6
Let s(c) be the third derivative of -c**6